7280 is divided by 2173.
339
Calculate the remainder when 1185412 is divided by 2195.
112
What is the remainder when 1088966 is divided by 1088920?
46
Calculate the remainder when 1538740 is divided by 170957.
127
Calculate the remainder when 6602848 is divided by 663.
31
What is the remainder when 2389088 is divided by 14928?
608
Calculate the remainder when 22205589 is divided by 22205587.
2
What is the remainder when 351190006 is divided by 94?
84
Calculate the remainder when 21356649 is divided by 10243.
10237
Calculate the remainder when 75124 is divided by 722.
36
What is the remainder when 34632748 is divided by 1514?
1512
What is the remainder when 26305 is divided by 141?
79
What is the remainder when 203196181 is divided by 9?
4
What is the remainder when 1727781 is divided by 575251?
2028
Calculate the remainder when 115920 is divided by 816.
48
Calculate the remainder when 382113 is divided by 3899.
11
What is the remainder when 669639 is divided by 2299?
630
Calculate the remainder when 6336847 is divided by 14.
13
What is the remainder when 30071 is divided by 14874?
323
What is the remainder when 2680571 is divided by 1219?
1209
What is the remainder when 926521 is divided by 4930?
4611
What is the remainder when 5369923 is divided by 23656?
11
Calculate the remainder when 93964710 is divided by 90.
30
What is the remainder when 145296 is divided by 10368?
144
What is the remainder when 198931 is divided by 331?
0
Calculate the remainder when 8930 is divided by 963.
263
What is the remainder when 25408151 is divided by 25408097?
54
What is the remainder when 3092469 is divided by 34?
33
Calculate the remainder when 277557 is divided by 69169.
881
Calculate the remainder when 7615413 is divided by 1204.
113
Calculate the remainder when 466245 is divided by 66602.
31
What is the remainder when 101160182 is divided by 43?
16
Calculate the remainder when 90691 is divided by 4460.
1491
Calculate the remainder when 2164054 is divided by 41.
33
What is the remainder when 2428869 is divided by 8?
5
What is the remainder when 177054 is divided by 29502?
42
Calculate the remainder when 124321 is divided by 2182.
2129
Calculate the remainder when 2925899 is divided by 6710.
339
Calculate the remainder when 25120561 is divided by 6280137.
13
Calculate the remainder when 4505980 is divided by 1501993.
1
What is the remainder when 7542 is divided by 1905?
1827
Calculate the remainder when 29278 is divided by 271.
10
What is the remainder when 78730847 is divided by 1075?
1072
What is the remainder when 836017 is divided by 29857?
21
What is the remainder when 1239761 is divided by 1028?
1021
What is the remainder when 85391553 is divided by 7115961?
21
What is the remainder when 7999081 is divided by 1778?
1637
What is the remainder when 934068 is divided by 1112?
1100
What is the remainder when 2794359 is divided by 1484?
1471
Calculate the remainder when 263649 is divided by 263622.
27
Calculate the remainder when 152561 is divided by 50735.
356
Calculate the remainder when 8603221 is divided by 163.
81
Calculate the remainder when 17107 is divided by 96.
19
What is the remainder when 1433064 is divided by 8902?
8744
Calculate the remainder when 8912473 is divided by 163.
122
What is the remainder when 538329 is divided by 1343?
1129
Calculate the remainder when 4225801 is divided by 13589.
13211
What is the remainder when 26527449 is divided by 13802?
5
Calculate the remainder when 45144 is divided by 632.
272
Calculate the remainder when 20893088 is divided by 471.
470
What is the remainder when 431433 is divided by 28755?
108
Calculate the remainder when 1173763 is divided by 53351.
41
Calculate the remainder when 3985955 is divided by 3807.
26
What is the remainder when 50385747 is divided by 3068?
3051
What is the remainder when 21408022 is divided by 977?
975
What is the remainder when 3587377 is divided by 331?
330
What is the remainder when 7217455 is divided by 3616?
3535
Calculate the remainder when 497810 is divided by 1395.
1190
What is the remainder when 53054 is divided by 17598?
260
Calculate the remainder when 1573753 is divided by 69.
1
Calculate the remainder when 1828998 is divided by 6774.
18
Calculate the remainder when 49298887 is divided by 166.
41
What is the remainder when 123592 is divided by 19793?
4834
Calculate the remainder when 11766514 is divided by 56843.
13
Calculate the remainder when 68913 is divided by 33042.
2829
What is the remainder when 683686439 is divided by 36?
35
Calculate the remainder when 13243968 is divided by 6621977.
14
Calculate the remainder when 1642070 is divided by 273566.
674
What is the remainder when 2492221 is divided by 585?
121
Calculate the remainder when 500491 is divided by 500489.
2
Calculate the remainder when 196781 is divided by 25589.
17658
Calculate the remainder when 244845561 is divided by 186.
183
Calculate the remainder when 65875782 is divided by 129.
126
Calculate the remainder when 2150992749 is divided by 9039.
9036
Calculate the remainder when 70884991 is divided by 398.
395
What is the remainder when 52030 is divided by 910?
160
Calculate the remainder when 8510553 is divided by 2836821.
90
Calculate the remainder when 1127885 is divided by 3356.
269
What is the remainder when 5866799 is divided by 32059?
2
Calculate the remainder when 4037707 is divided by 172.
7
Calculate the remainder when 25524581 is divided by 292.
277
Calculate the remainder when 5462210 is divided by 1092438.
20
Calculate the remainder when 99999 is divided by 11065.
414
What is the remainder when 71103411 is divided by 2146?
2139
Calculate the remainder when 401250 is divided by 6917.
64
What is the remainder when 89321361 is divided by 46?
33
Calculate the remainder when 15093295 is divided by 15093269.
26
What is the remainder when 370868 is divided by 370742?
126
What is the remainder when 162748 is divided by 2624?
60
Calculate the remainder when 6880187 is divided by 299137.
36
What is the remainder when 439279 is divided by 9344?
111
Calculate the remainder when 158975 is divided by 31.
7
What is the remainder when 277843614 is divided by 889?
888
What is the remainder when 160730291 is divided by 3280210?
1
What is the remainder when 4276386 is divided by 51?
36
Calculate the remainder when 2715619 is divided by 8822.
7265
What is the remainder when 5393282 is divided by 884?
882
What is the remainder when 92666 is divided by 378?
56
What is the remainder when 1339064 is divided by 223151?
158
Calculate the remainder when 221054 is divided by 2028.
2
What is the remainder when 2480974 is divided by 12?
10
What is the remainder when 246125747 is divided by 1625?
1622
Calculate the remainder when 398760 is divided by 18988.
12
Calculate the remainder when 53308 is divided by 1792.
1340
What is the remainder when 302856 is divided by 302261?
595
What is the remainder when 1158438 is divided by 8907?
528
What is the remainder when 97501 is divided by 32383?
352
Calculate the remainder when 201997 is divided by 101.
98
Calculate the remainder when 2988995 is divided by 2497.
86
Calculate the remainder when 29561670 is divided by 29561618.
52
Calculate the remainder when 2101095 is divided by 1001.
997
What is the remainder when 97711 is divided by 179?
156
Calculate the remainder when 590084327 is divided by 38.
35
What is the remainder when 178065 is divided by 16?
1
Calculate the remainder when 2931772 is divided by 83764.
32
What is the remainder when 7102940 is divided by 143?
130
What is the remainder when 12544956 is divided by 158?
72
What is the remainder when 9477 is divided by 6518?
2959
Calculate the remainder when 22359495 is divided by 27.
12
What is the remainder when 5071191 is divided by 1132?
963
Calculate the remainder when 522534 is divided by 475.
34
Calculate the remainder when 1666330 is divided by 555423.
61
What is the remainder when 212920 is divided by 34665?
4930
What is the remainder when 1805668 is divided by 546?
46
Calculate the remainder when 5552399 is divided by 4918.
4895
What is the remainder when 27816613 is divided by 29?
16
What is the remainder when 1276006 is divided by 425275?
181
What is the remainder when 2439039 is divided by 1514?
149